Let x be (2 - -17 - -2) + 31 + -22. Let q(r) = r**2 - 26*r - 98. Determine q(x).
22
Suppose -60*r - 3 = -59*r - i, -r - 4*i = -32. Let c(t) = -4*t - 19. Give c(r).
-35
Let q(t) be the third derivative of -11*t**5/60 - t**4/24 - t**3/3 - 219*t**2 + 2. What is q(2)?
-48
Let k be (-105)/(-20)*((-154)/(-105) - 26/195). Let p(f) = f + 7. Calculate p(k).
14
Let x(f) = 2*f - 1. Let u be ((3/2)/3)/((-15)/(-60)). Suppose -u = -8*p + 6*p. Let t(g) = -g. Let d(l) = p*x(l) + 3*t(l). Give d(0).
-1
Let b(d) = -d**2 + 10*d. Suppose -4 = 2*z - 40. Suppose -4*a = 2*s - z, -3*a + 27 = -0*s - 3*s. Give b(a).
24
Let r(l) = -99*l**3 + l + 98*l**3 - 627*l**2 + 617*l**2 - 10. Determine r(-10).
-20
Let w(q) = -q**3 - 73*q**2 - 82*q - 729. Let h be w(-72). Let s(z) be the second derivative of -z**3/3 - 6*z**2 - 2*z. Determine s(h).
6
Let q = -169 + 180. Let x be (-3 + q)/((-4)/2). Let h(i) be the first derivative of 2*i**3/3 + 5*i**2/2 + 2*i + 1. Determine h(x).
14
Let l(r) = -3*r**2 + 15*r - 8. Let o(c) = c**2 - 5*c + 3. Let f(x) = 3*l(x) + 8*o(x). Suppose 933*u = 847*u + 430. Determine f(u).
0
Let f(s) be the first derivative of -19*s**5/60 - s**4/24 - s**3/6 - 59*s**2/2 + 36. Let c(d) be the second derivative of f(d). Give c(-1).
-19
Let f(p) be the second derivative of -p + 0 + 1/6*p**3 - 1/6*p**4 + p**2. Calculate f(2).
-4
Let b(q) be the third derivative of -1/8*q**4 + 6*q + 1/6*q**3 + 0 + 3*q**2. Calculate b(-1).
4
Let h(r) = r - 15. Let s(b) = -20 - 56*b - 65*b + 115*b. Let f be s(-9). Let y = -23 + f. Determine h(y).
-4
Let x be (-12276)/(-1736) - 1/14. Let f(i) = i**2 - 5*i - 3. Determine f(x).
11
Let w(i) = -i**3 + 5*i**2 - 12. Let c(j) = -j**3 + 25*j**2 - 14*j - 235. Let b be c(24). What is w(b)?
-12
Let d(v) = 22*v - 1123. Let j(i) = -11*i + 378. Let x(w) = -3*d(w) - 8*j(w). What is x(-16)?
-7
Let i(d) = 20*d**2 + 7*d + 14. Let j(x) = -31*x**2 - 11*x - 21. Let l(r) = -8*i(r) - 5*j(r). Give l(-3).
-49
Let v(k) be the first derivative of k**5/20 + k**4/2 + 7*k**3/6 + 3*k**2 - 55*k - 215. Let f(i) be the first derivative of v(i). What is f(-5)?
-4
Suppose -g + 3885 = -28*g - 750*g. Let n(z) = -z + 1 + 0*z + 2. Calculate n(g).
8
Let i(j) be the first derivative of j**4/4 - j**3/3 - j - 867. Give i(0).
-1
Let k(x) = -x**3 - 8*x**2 - 9*x - 4. Let t(l) = l**3 + l**2 + 5*l + 2. Let v = -85 - -81. Let w be t(v). Let y = -72 - w. Calculate k(y).
-22
Let w(a) be the second derivative of -1/6*a**4 + 1/2*a**2 + 0 + a + 0*a**3 + 1/20*a**5. Let m be (-4)/(-6) + (20/(-14) - (77973/(-441))/47). Calculate w(m).
10
Let n(k) be the second derivative of k**5/20 + 5*k**4/12 - 5*k**3/3 - 23*k**2/2 - 3*k - 328. Calculate n(-6).
1
Let b(f) be the third derivative of -f**5/15 - f**4/8 + f**3/3 + 2*f**2 - 157. Calculate b(4).
-74
Suppose -t + 13 + 27 = 0. Suppose -44*m + 39*m = t. Let f be 6/m + (-475)/76. Let b(p) = -p + 7. Calculate b(f).
14
Let p = -38 + 682. Let n = 634 - p. Let w(c) = c + 23. Determine w(n).
13
Let w(f) be the first derivative of -f**5/120 + f**4/4 - 7*f**3/3 + 17. Let h(i) be the third derivative of w(i). Let x = 734 - 734. Calculate h(x).
6
Suppose 3*b + 33 = 149*x - 152*x, x + 4*b = -29. Let v(z) = 2*z - 5. Let q(u) = u - 3. Let y = -1 + 5. Let a(r) = y*v(r) - 7*q(r). Give a(x).
-4
Let s(f) = -25*f**2 + 4*f + 7. Let i(d) = -69*d**2 + 11*d + 20. Let w(v) = 4*i(v) - 11*s(v). Calculate w(-6).
-33
Let j(v) = -9*v - 104. Let p(g) = 14*g + 146. Let k(r) = -7*j(r) - 5*p(r). Determine k(-10).
68
Let q(m) = m - 17. Let r be ((-5)/(30/(-344)))/((-10)/(-15)). Suppose -6*c - r = -3*c - f, -5*f + 122 = -4*c. Let l be 1/(80/c - -3). What is q(l)?
-10
Let b be (0 - 28/(-8)) + 1/(-2). Suppose 5*m + 3*r + 29 = 0, 2*m + 8 - 9 = b*r. Let d(w) = w**3 + 3*w**2 - 6*w - 6. Determine d(m).
2
Suppose -60 = 2*r - 68. Let v(t) = -18*t + 13*t + 5 + r*t - t. Suppose -h = 2*h - 12. Determine v(h).
-3
Let h(c) = 3*c. Suppose 27*d = 28*d. Let b be h(d). Let a(u) be the second derivative of -u**5/20 - u**3/6 + 11*u**2 - 2*u. Give a(b).
22
Let m be 4/(-2)*((-63)/819 + 41/26). Let s(x) = -3*x**2 - 9*x - 20. What is s(m)?
-20
Let n be 2/(-4) - (-21)/(-6). Let q(v) = 4*v + 5 + 3 + 7 + 7 - 17. Determine q(n).
-11
Let s = -57 - 175. Let n = 232 + s. Let b(j) = -j**2 + j - 9. What is b(n)?
-9
Let w(i) = -2*i + 21. Suppose 231 + 21 = 237*t - 223*t. Determine w(t).
-15
Let d(r) be the first derivative of -r**7/840 - r**6/72 - r**5/120 - r**4/24 + 53*r**3/3 - 2*r + 73. Let c(w) be the third derivative of d(w). Give c(-5).
4
Let x(j) = -j**2 + j + 1. Let o be x(-2). Suppose 0 = -i - l - 7, 3*l = 2*i + 501 - 467. Let n = i - o. Let z(c) = c**3 + 5*c**2 - 5*c - 6. Give z(n).
-12
Let i(u) = -40*u + 2*u**3 - u**3 + 351*u - 34*u - 7*u**2 - 270*u. Suppose -4*n = 3*x - 4*x - 6, -4*x + 5*n + 9 = 0. Give i(x).
6
Suppose 0 = 4*w - w - 6, 4*j = 3*w - 26. Let k be (-4 - (-34)/10)*j. Let t(p) = 5*p + k + 1 - 2 - 6*p. Determine t(-4).
6
Let l(x) = -8*x**2 - 9*x - 7 + 9*x - 43*x**2 + 6. Calculate l(1).
-52
Let f = 10 + -10. Let z(x) = f - x + 6 - 5. Suppose 0 = 12*w - 22*w + 10. What is z(w)?
0
Let i = -76827 + 76820. Let o(z) be the third derivative of 0*z + z**2 + 3/8*z**4 + 1/60*z**5 + 0 + 2/3*z**3. Calculate o(i).
-10
Let c(f) be the third derivative of f**5/30 + 7*f**4/24 - 5*f**3/2 + 9661*f**2. What is c(2)?
7
Suppose -d - 19 = -5*v, 0 = -4*v + 29*d - 25*d + 28. Suppose 5*p - v*k = 20, -5*k - 28 = p - 4*p. Let b(l) = 12*l**3 + l**2 - l. What is b(p)?
12
Let s = -30941 + 30965. Let k(i) = 5*i**3 - 121*i**2 + 23*i + 21. Calculate k(s).
-3
Let b(w) = -w**2 + 11*w - 6. Let d be b(13). Let u be (-12)/9*24/d. Let c(j) = 4*j**3 - j. What is c(u)?
3
Let c(b) = -4*b - 8. Let q be (-815)/(-25) + 3 - 6/(-15). Suppose q = 3*y - 3*h, 0 = -3*h + 7*h + 12. Suppose 0*w = t + w + y, -5*t = -4*w + 18. Give c(t).
16
Let y(l) = -7*l**3 - 40*l**2 + 7*l - 2. Let x(q) = -8*q**3 - 44*q**2 + 7*q - 3. Let j(s) = -8*x(s) + 9*y(s). What is j(7)?
6
Let l(o) = 14*o - 7306 - 7316 + 14625. Calculate l(-4).
-53
Let c(k) = k**2 - 2*k - 5. Let n(y) = y**2 + 20*y + 43. Let m be n(-19). Let x(b) = m*b**2 + 1 - 25*b**2 - b**3 + b - 3 - 2*b. Let d be x(-2). Calculate c(d).
3
Let c(n) = -n**2 - 10*n - 8. Suppose 3*o = -p - 0*p + 32, 5*p - o = 112. Let u = -29 + p. Determine c(u).
16
Let z(s) = s**2 + 8*s - 67. Let v be z(-14). Let n(c) = c**3 - 18*c**2 + 10*c + 103. Determine n(v).
-16
Let y be (-60)/16 - (27/(-12))/3. Let s(t) = -14*t**3 - 9*t**2 - 3*t + 11. Let h(v) = -5*v**3 - 3*v**2 - v + 4. Let l(o) = 11*h(o) - 4*s(o). Calculate l(y).
-3
Let q(u) = u**3 + 4*u**2 + 4*u - 1. Let f be 11 - ((-2)/3 - 22/66). Let h be -6 + (-4 + f - 5). Determine q(h).
-4
Suppose -23*v + 8*v + 60 = 0. Suppose -6*a + v*a = -16. Let u(f) = -f**3 + 9*f**2 - 6*f - 11. Determine u(a).
5
Let v(u) be the third derivative of u**5/60 - 5*u**4/12 + 97*u**3/3 - 181*u**2. Let s(i) be the first derivative of v(i). Give s(7).
4
Let s be 11 - 4/((-28)/(-77)). Let a(b) be the second derivative of 1/2*b**2 + 1/6*b**3 + s - 19*b. Calculate a(-3).
-2
Let o(j) = -j**2 + 6*j + 83. Let r be 1/((-3)/(-5) - (-510)/(-975)). Let l be o(r). Let d(m) = m**3 + 7*m**2 - 10*m + 2. Determine d(l).
18
Let w(m) = -4*m - 5 + 0 - 2*m + m + 4*m. Suppose 0 = 3*v - 4*t + 8, -2*v = -v + 2*t - 4. Suppose -4*a = 2*f + 12, -4*a = -f - v*a - 18. Give w(f).
5
Let z be 10 + -4 + -1 + 1. Let y(b) = -2*b - 2. Let i = 15 - 12. Let h(o) = 1. Let d(q) = i*y(q) + z*h(q). Determine d(-2).
12
Let g(m) = -2 - 2*m - 1 + 6. Let r be ((-744)/(-682))/((-1)/(0 - (-88)/(-16))). Give g(r).
-9
Let u = 19 + -16. Let m(a) = -u*a - 8*a**2 + 82*a**3 - 81*a**3 + 11*a. Calculate m(7).
7
Suppose 15 = 2*x + x. Let z(d) be the second derivative of -d**3/6 + 2*d**2 + 24396*d. Give z(x).
-1
Let q(z) = 20*z**3 + z**2 - 4*z + 1. Let t(f) = f. Let j(k) = -q(k) - 2*t(k). Let g be 3/15 + 0 + (-312)/(-15). Suppose g*m - 20 = 1. Give j(m).
-20
Let y = -80937 + 80936. Let w(b) = -7*b**3 + 9*b**2 + 9*b. Let j(g) = -3*g**3 + 4*g**2 + 4*g. Let f(t) = 9*j(t) - 4*w(t). What is f(y)?
-1
Let h(z) = 218*z - 51. Let l(t) = -255*t + 50. Let j(q) = 7*h(q) + 6*l(q). Give j(-11).
-13
Let i(u) = -2*u - 1. Let p be (-117)/(-18) - 24/(-16). Suppose -2*x = -0*x - 5*b + 14, -3*x + 5 = -b. Suppose -3*m + h = -p, -8*m + 17 = -x*m + 2*h. Give i(m).
-7
Let a(v) 